)/2128) - -7?
3
What is the hundreds digit of (-700 + -4)/(0 + 0 - 1)?
7
Let h be ((-12)/(-20))/((-2)/(-50)). Suppose -h = -5*n, 2*k - 84 = 5*n + 65. What is the tens digit of k?
8
Suppose -2*y = -4*i - y + 80, 3*y = -4*i + 96. Suppose 5*v - 74 = i. Suppose 5*m + v = 189. What is the tens digit of m?
3
Let i = 2534 + -1635. What is the hundreds digit of i?
8
Let f be 10/70 + 1314/14. Let l = -59 + f. Let m = l - 19. What is the units digit of m?
6
Suppose -2*t - 3*o = -3 - 2, o = 3*t - 2. Let f = 2 + t. Suppose -f*b = -3*j + 102, -3*j = j + 3*b - 129. What is the tens digit of j?
3
Let n(o) = -o**3 + o**2. Let c(w) = -2*w**3 - 11*w**2 + 7*w - 2. Let b(p) = -c(p) + 4*n(p). What is the units digit of b(6)?
8
Let d = 720 - 408. What is the hundreds digit of d?
3
Let y(m) = -m**3 - 3*m**2 + m + 3. Let i be y(-3). Suppose -3*z - 2*f + 62 + 181 = 0, i = 4*f. What is the units digit of z?
1
Let o(m) = -3*m**2 - 3*m. Let h(q) = 2*q**2 + 3*q + 1. Let r(c) = 4*h(c) + 3*o(c). What is the units digit of r(3)?
4
Let i(k) = k**2 - 12*k + 7. Suppose -9 = 3*d - 51. Let v be 2 - 7/(d/(-20)). What is the units digit of i(v)?
7
Let i(d) = d**2 + 6*d + 3. Suppose -2*g - 6 - 6 = 0. Let a be i(g). Suppose 102 = a*y + 2*r, -5*r = -2*y - 2*r + 55. What is the units digit of y?
2
Let c(d) = 3*d**3 - 6*d**2 - 10*d + 8. What is the units digit of c(9)?
9
Let u(z) = z**2 + 6 - 2*z**2 - 3*z + 0*z**2 - 3. Let n be u(-3). What is the units digit of (n + -6 + 0)*-3?
9
Let d(q) = -q**2 - 4*q + 10. Let n be d(-5). Suppose 0 = b + 2. Let j = n - b. What is the units digit of j?
7
Let b be 93/18 - (-6)/(-36). Suppose 0 = 3*k - 5*y - 448, 4*k = -4*y - 0*y + 640. Suppose -k - 89 = -b*c. What is the tens digit of c?
4
Let c = -77 - -40. Let g be c*1 + 20 + -16. Let j = g + 77. What is the units digit of j?
4
Let y = -615 - -1231. What is the tens digit of y?
1
Suppose 2*z = -4*o + 28, -z - 2*z - o = -27. Suppose 5*g + z = 3. What is the units digit of ((-280)/24)/(g/3)?
5
Let x be 0 + (5*-39)/3. Let i = x - -107. What is the tens digit of i/(-6 + 4)*-2?
4
Suppose -2500 - 1702 = -11*s. What is the hundreds digit of s?
3
Suppose 3*u - 778 = -2*d, -73*d - u - 1189 = -76*d. What is the tens digit of d?
9
Let b = 23 + -11. Let g be b/20 + 63/(-5). What is the tens digit of (-120)/(-9) + 4/g?
1
Let f = 439 + 394. What is the units digit of f?
3
Let x(m) = m**2 + 2*m - 21. Let j be x(-7). Suppose j*v = 96 + 268. What is the tens digit of v?
2
Suppose -18 - 182 = f. Let y be f/6 - 8/12. Let b = 49 + y. What is the units digit of b?
5
Let n be 2 + 4/14 + 13830/(-42). Let l = -166 - n. What is the tens digit of l?
6
Let o(r) = 6*r + 5. Let v be 21/4 + 21/(-84). What is the units digit of o(v)?
5
Let c = -15 - -11. Let x = 9 + c. Suppose 34 = k - 2*q, 0 = x*k + q + 33 - 148. What is the tens digit of k?
2
Suppose -83 = -3*x + 625. Suppose -4*r + x = 4*o + r, -2*o + 108 = 5*r. What is the tens digit of o?
6
Suppose 0 = -2*d + 3*r + 55, 5*r = -2*d - 0*d + 31. Let z(m) = 3*m**2 + 6*m - 3. Let y be z(-6). Let o = y - d. What is the tens digit of o?
4
Suppose 13*v = 9998 + 6109. What is the units digit of v?
9
Suppose 92 = 7*v + 484. Let o be (v/(-5))/((-2)/(-5)). Suppose -5*x = -0*x - 2*h - 34, -3*x + 5*h + o = 0. What is the units digit of x?
6
Let v be -2 + (-14)/(-6) + (-44)/(-12). Suppose h + 45 = v*h. What is the units digit of h?
5
Let q(n) = n**2 + 3*n + 4. Suppose 3 = -3*v + 15. What is the tens digit of q(v)?
3
Suppose -2*d - 40 = 4*r + 74, 5*r + 126 = 3*d. Let s = r + 16. Let c = 3 - s. What is the units digit of c?
4
Suppose -1900 = -5*w - 4*d, 0 = -0*w + 2*w + 2*d - 762. What is the hundreds digit of w?
3
Suppose 4*l + 3*c - 1996 = 2*l, l - 2*c - 984 = 0. What is the hundreds digit of l?
9
Let j be ((-24)/36)/((-5)/(-90)). Suppose -5*y = 5*k - 105, -9 - 4 = -y - 3*k. Let t = y - j. What is the units digit of t?
7
Suppose 34*h + 98 = 35*h. What is the units digit of h?
8
Suppose 26*a - 3850 = 4*a. What is the tens digit of a?
7
Suppose 0 = -3*g - 4*u - 8, -g + 0*u = 2*u. What is the tens digit of -2 - (-188)/g*-2?
4
Suppose 1986 = p + 640. Suppose -11*z + p = -260. What is the hundreds digit of z?
1
Suppose 4*a + 3*w - 36 = 0, 5*a = a + 5*w + 36. Suppose a*m - 6*m - 36 = 0. What is the units digit of ((-184)/(-6))/(m/18)?
6
Suppose 0 = v - 13 + 5. Suppose 0 = -4*h + v*h - 212. What is the units digit of h?
3
Let r(h) = -h**3 - 11*h**2 + h + 9. Let c be r(-11). Let o be 2 - (0/3)/c. Suppose o*d - 30 - 62 = 0. What is the tens digit of d?
4
Suppose 9*d = -11 + 29. What is the tens digit of (-901)/(-7) + 3/21*d?
2
Let r = -3 + 3. Let f(q) = q**3 - q**2 + 3. What is the units digit of f(r)?
3
Suppose 18 = -2*q + 4810. What is the tens digit of q?
9
Let j(c) = c**3 - 14*c**2 + 11*c + 24. Let f(n) = 15*n**3 - 2*n**2 + 1. Let w be f(1). What is the tens digit of j(w)?
7
Suppose -k + 13 = -50. Let y be ((-2)/3)/(26/(-1521)). Let r = k - y. What is the units digit of r?
4
Let l = 47 + -32. Let f = 4 + l. What is the tens digit of f?
1
Suppose -5*f + 0*o - 2 = 4*o, 7 = 5*f + o. Let b(t) = -t - 2*t + f*t + 3. What is the tens digit of b(-16)?
1
Let q = -310 + 1710. What is the tens digit of q?
0
Let a(u) = 17*u**2 + 6*u + 18. Let n be a(-6). Let t = n - 402. What is the units digit of t?
2
Let u(o) = -13*o**3 + 3*o**2 + 2*o. Let w be u(-3). Suppose -2*l + 8*l = w. What is the tens digit of l?
6
Let l = 2576 - 1836. What is the hundreds digit of l?
7
Let r be -1*2 - -73*(-2 + 3). Let c = -6 + r. What is the tens digit of c?
6
Let n be (47/(-2) - -4)*-2. Let h = n - 7. Suppose 0 = 13*l - 11*l - h. What is the tens digit of l?
1
Let d be (-15)/(-35) - (-450)/(-21). What is the units digit of (-108)/(-42) - 9/d?
3
Let b(s) = -2*s**2 + 97*s - 26. What is the tens digit of b(20)?
1
Let a be 4/(-10) + (-1045)/75*-9. Suppose -5*l + h + 201 = 0, -3*l = -h - 4*h - a. What is the units digit of l?
0
Let f(d) = d**2 + 5 + 8 - 6*d + 17*d. What is the tens digit of f(-14)?
5
What is the tens digit of (-26615)/(-85) + (-2)/17?
1
Let b(f) = -25*f + 78. What is the units digit of b(-38)?
8
Let t(v) = -v**2 - 4*v + 3. Let k be t(-4). Suppose 4*b - 5*d = 9, -k*b - 5 = -5*b + 3*d. Suppose 5*u - 6 = -b. What is the units digit of u?
1
Suppose 51*n - 24*n = 13608. What is the hundreds digit of n?
5
Let t be (5/5)/(2/6). Suppose -2*a - 10 = 0, 2*a - 15 = -r - 0*a. Suppose -q - t + r = 0. What is the units digit of q?
2
Let j(v) = -3*v - 5. Let m be j(-3). Suppose -5*r + a = -111 - 240, -3*r + 229 = m*a. What is the units digit of r?
1
Suppose 87 = 2*m + 81. Let x(c) be the third derivative of 13*c**4/24 - 5*c**3/6 - c**2. What is the tens digit of x(m)?
3
Let q = 84 + 47. What is the units digit of q?
1
Suppose 2*n + 132 = 166. What is the units digit of n?
7
Let z be (-15)/(-12) + 6/(-24). Let f be (2 - 1)/(z/2). Suppose -y + 16 = n, n - 2*n = -f*y - 31. What is the units digit of n?
1
Let o(v) = v**3 - 19*v**2 - v + 24. Let h be o(19). Suppose -8*a + 197 = -h*a - 4*n, -5*a - n + 359 = 0. What is the units digit of a?
1
Suppose -5*v + 6404 = -11*h + 13*h, 0 = -2*h + 4. What is the hundreds digit of v?
2
Let l(d) = -d**3 + 8*d**2 - 6*d - 2. Let r be l(7). Suppose -1 = v, 3*v - r = -4*j - 0*v. What is the units digit of j?
2
Let t = -534 - -978. Suppose -4*q = -0*c + 4*c - t, -3*q + 321 = -c. What is the units digit of q?
8
Suppose 0 = 2*w + 2*w - 2492. Let v be 22/(-99) + w/9. Suppose -5*u + 364 = v. What is the units digit of u?
9
Let p = -22 - -31. Let k = p + -11. What is the tens digit of -6 - k - -1 - -20?
1
Let s = -7 - -9. Suppose s*d = -c + 20, -c = 2*d + 3*c - 20. Suppose 2*n = d, -3*n + 13 = -4*f + 46. What is the units digit of f?
2
Let m(j) = -j**3 + j**2 + j - 1. Suppose 4*u = -0*u - 4. Let i(z) = -z**3 + 6*z**2 + 3*z - 3. Let a(x) = u*i(x) + 2*m(x). What is the units digit of a(-4)?
5
Let m(h) = -2*h - 2. Let n = -11 + 4. Let r be m(n). What is the tens digit of r/8*(-176)/(-12)?
2
Let a(l) = -l**3 - 2*l**2 + 8*l + 11. Let s be a(-5). Let r = 258 - s. What is the hundreds digit of r?
2
Let l = 2 - -1. Suppose p + 38 = l*p. Let o = p - 9. What is the units digit of o?
0
Suppose 112 = -3*c + 4*q, -2*c - 70 = q + q. Let r = c + 54. What is the tens digit of r?
1
Let n = 371 - 190. What is the units digi